Determine i(6).
-6
Let w(t) = t**3 - 119*t**2 - 393*t - 100. Determine w(-3).
-19
Let f(q) = 130*q**3 + 16593*q + 16594. Determine f(-1).
-129
Let p(w) = -4*w**3 - 2140*w**2 + 57*w + 30511. Calculate p(-535).
16
Let j(k) = -4*k**2 - 2*k + 4067. Determine j(-32).
35
Let a(d) = -d**2 - 1054*d - 37542. Calculate a(-37).
87
Let y(g) = -812*g - 496. Calculate y(1).
-1308
Let y(s) = -760*s + 609527. Calculate y(802).
7
Let a(q) = q**3 + 19*q**2 + 2509*q + 10029. Calculate a(-4).
233
Let r(i) = 4*i**2 - 131*i - 2395. Calculate r(-18).
1259
Let k(m) = -m**2 - 10*m - 44. Calculate k(20).
-644
Let j(k) = k**3 + 246*k**2 + 8946*k + 11708. Determine j(-202).
-8
Let p(q) = -8*q**3 - 3*q**2 - 32*q + 131. Give p(4).
-557
Let n(u) = u**3 + 2*u**2 + 6*u - 72. Calculate n(0).
-72
Let b(u) = 2209*u - 6676. What is b(3)?
-49
Let y(c) = c**3 + 39*c**2 + 132*c + 675. What is y(-36)?
-189
Let b(q) = 2*q**3 - 1253*q**2 - 599*q - 17538. Calculate b(627).
18
Let a(t) = 1240*t**2 + 6172*t - 23. Calculate a(-5).
117
Let m(c) = 5*c**2 - 2306*c + 35610. Calculate m(16).
-6
Let w(f) = -22706*f + 1112569. Give w(49).
-25
Let j(v) = 2945*v + 33507. What is j(-11)?
1112
Let f(p) = -25*p - 818. Give f(-41).
207
Let g(a) = a**3 + 208*a**2 + 1437*a + 12. What is g(-7)?
-198
Let k(c) = 2265*c + 122071. Give k(-54).
-239
Let w(a) = -99*a + 7388. Calculate w(10).
6398
Let r(m) = -57*m**2 + 209*m + 269. Determine r(5).
-111
Let b(u) = u**3 + 23*u**2 + 82*u - 475. Give b(-16).
5
Let i(y) = -501*y**3 - 4*y**2 + 40*y - 35. Determine i(1).
-500
Let d(c) = 27*c - 368. Give d(10).
-98
Let k(o) = 402*o - 26780. Calculate k(66).
-248
Let u(b) = 3*b**2 - 355*b - 2416. What is u(122)?
-1074
Let y(o) = -2435*o + 31393. Determine y(13).
-262
Let v(y) = y**3 + 11*y**2 - 36646*y - 476086. What is v(-13)?
-26
Let b(w) = 22731*w - 159136. Calculate b(7).
-19
Let q(z) = -12249*z - 4336125. Calculate q(-354).
21
Let b(t) = 4*t**2 - 1746*t + 14564. Calculate b(428).
12
Let b(k) = 13*k**3 - 450*k**2 - 586*k - 84. Calculate b(36).
2148
Let l(v) = v**3 + 80*v**2 - 848*v - 335. Determine l(-89).
3848
Let y(g) = -72*g**3 + 2*g**2 + 24*g + 38. What is y(-3)?
1928
Let x(z) = 3*z**3 - 1560*z**2 - 104400*z + 6. Calculate x(-60).
6
Let s(v) = -v**3 + 37406*v**2 - 186993*v - 13. Determine s(5).
47
Let v(a) = 1589*a + 127166. What is v(-80)?
46
Let b(y) = -4*y**3 - 21*y**2 + 119*y + 11. What is b(-10)?
721
Let z(g) = -70*g + 9756. Give z(137).
166
Let i(x) = -1983*x - 13910. Determine i(-7).
-29
Let c(d) = 1429*d + 6824. Calculate c(-5).
-321
Let r(o) = -o**3 + 94*o**2 - 983*o - 54. Calculate r(82).
28
Let r(i) = -i**3 + 260*i**2 - 268*i + 2318. Give r(259).
-13
Let t(r) = -r**2 - 1238*r + 1563. Give t(0).
1563
Let n(s) = 97*s + 3615. What is n(-45)?
-750
Let y(i) = -70*i + 216. Calculate y(-6).
636
Let k(n) = -132*n - 12689. Give k(-87).
-1205
Let m(c) = 4*c**2 - 795*c - 20739. Determine m(222).
-93
Let f(v) = -v**3 - 2*v**2 + 43*v + 490. Give f(-11).
1106
Let b(t) = 2*t**3 - 236*t**2 + 2546*t - 19. Determine b(106).
193
Let m(n) = -37*n**2 + 834*n + 2509. What is m(-3)?
-326
Let r(o) = -608*o - 1388. Give r(-2).
-172
Let l(i) = -2*i**3 - 19*i**2 - 1137*i - 10181. Determine l(-9).
-29
Let p(v) = -6*v**3 + 74*v**2 - 34*v - 74. Calculate p(12).
-194
Let m(c) = 2*c**2 + 471*c + 21485. Calculate m(-173).
-140
Let p(r) = 18*r**3 - 1027*r**2 - 525*r + 33168. Calculate p(57).
-6
Let r(k) = k**3 - 134*k**2 + 1022*k - 2016. Calculate r(4).
-8
Let r(s) = -s**3 + 333*s**2 - 2865*s - 426. Determine r(9).
33
Let p(d) = -d**2 - 1051742*d - 7362152. Give p(-7).
-7
Let f(q) = 216*q - 24585. Determine f(113).
-177
Let l(a) = 23*a**2 - 10282*a + 374833. Give l(407).
-14
Let f(o) = 2*o**3 - 93*o**2 - 98*o + 2341. Calculate f(47).
-56
Let c(v) = -v**2 - 525*v + 9434. What is c(17)?
220
Let i(a) = -6731*a + 747142. Determine i(111).
1
Let o(w) = -82*w**2 - 552*w + 2753. Calculate o(5).
-2057
Let l(n) = -91601*n - 91590. Calculate l(-1).
11
Let a(d) = -762*d + 5311. Determine a(6).
739
Let g(v) = v**3 + 24*v**2 + 36*v + 56. Give g(-20).
936
Let v(z) = z**3 + 9*z**2 - 24*z + 58. Determine v(3).
94
Let a(f) = -5*f**3 - 247*f**2 - 77*f + 1039. Determine a(-49).
10
Let u(x) = 3*x**3 + 2*x**2 + 3340*x + 6682. What is u(-2)?
-14
Let d(u) = 84*u + 1295. What is d(-23)?
-637
Let l(z) = 202*z**2 + 438*z + 437. What is l(-1)?
201
Let t(s) = -4*s**2 + 1266*s - 17508. Calculate t(302).
8
Let v(b) = 1731*b + 50063. Determine v(-29).
-136
Let j(m) = m**3 + 61*m**2 - 229*m + 1358. Give j(-65).
-657
Let h(w) = -2*w**3 + 90*w**2 - 39*w + 1880. What is h(45)?
125
Let s(w) = -51366*w**2 + 308207*w - 79. Calculate s(6).
-13
Let z(j) = 24*j**2 + 1194*j - 313. Give z(-50).
-13
Let p(x) = -x**3 + 69*x**2 - 612*x + 43. Give p(11).
329
Let l(d) = -d**2 - 350*d + 77621. Calculate l(-504).
5
Let d(x) = 44*x**2 + 128*x - 638. What is d(4)?
578
Let p(f) = 3*f**3 + 29*f**2 - 407*f - 3850. Give p(-9).
-25
Let c(t) = 154*t**3 + 1115*t - 2228. Determine c(2).
1234
Let l(k) = 14*k**3 - 360*k**2 - 124*k + 514. Calculate l(26).
-6
Let d(t) = 2*t**2 - 721*t - 86348. Give d(-95).
197
Let z(w) = 19*w**2 + 3230*w - 3228. Calculate z(1).
21
Let u(v) = -v**3 + 23*v**2 - 5486*v + 91531. What is u(17)?
3
Let p(k) = 14062*k + 6820073. Determine p(-485).
3
Let o(k) = -813*k - 252848. Calculate o(-311).
-5
Let t(c) = c**3 - 15*c**2 - 135*c + 376. What is t(20)?
-324
Let d(y) = -335*y**3 - 1341*y**2 - 2*y + 11. What is d(-4)?
3
Let x(d) = -3*d**3 + 657*d**2 - 21893*d + 26. Determine x(41).
67
Let g(m) = -m**3 - 25*m**2 + 630*m - 45. What is g(-40)?
-1245
Let y(u) = 368*u**2 + 7726*u - 25. Determine y(-21).
17
Let m(q) = -225*q + 7322. Determine m(28).
1022
Let d(f) = 59*f**2 - 95*f - 544. Determine d(0).
-544
Let s(h) = h**2 - 411*h + 8735. What is s(22)?
177
Let g(z) = 3*z - 793. What is g(376)?
335
Let y(w) = 35*w**3 - 177*w**2 - 7*w + 4. Determine y(5).
-81
Let i(g) = -60*g**2 - 1398*g - 1384. Calculate i(-1).
-46
Let l(b) = 47*b**3 - 4510*b**2 - 181*b - 235. What is l(96)?
821
Let a(c) = 27854*c - 22645307. What is a(813)?
-5
Let u(k) = k**3 + 58*k**2 + 81*k + 8248. Determine u(-59).
-12
Let z(o) = -198*o**2 - 14303*o + 11029. What is z(-73)?
6
Let l(v) = -12*v**2 - 290*v - 1576. Determine l(-8).
-24
Let x(n) = -502975*n - 5532720. Give x(-11).
5
Let f(i) = -i**3 - 16413*i**2 + 147794*i + 28. What is f(9)?
-8
Let y(s) = 60845*s - 5110954. What is y(84)?
26
Let x(d) = -d**2 + 55*d - 10. What is x(-17)?
-1234
Let z(x) = -26*x**2 - 3524*x - 24957. Give z(-128).
131
Let u(s) = -9805*s + 1009919. What is u(103)?
4
Let y(q) = -2533*q + 18041. Determine y(7).
310
Let w(d) = -6*d**3 - 211*d**2 + 24610*d - 174. What is w(-84)?
-6
Let k(j) = 13*j**2 - 6*j - 74. Calculate k(5).
221
Let d(x) = 9*x**3 + 5*x**2 - 17*x + 93. Calculate d(3).
330
Let w(q) = -3*q**3 - 48*q**2 + 216*q - 2081. What is w(-21)?
-2
Let m(c) = 3*c**2 - 334*c + 6123. Calculate m(88).
-37
Let w(u) = -u**3 + 583*u**2 - 79558*u - 4382. Determine w(365).
-2
Let j(g) = -g**2 - 1431*g - 280099. What is j(-234)?
-1
Let u(g) = g**3 - 3*g**2 - 32*g + 100. Calculate u(9).
298
Let f(a) = -1574*a - 23652. What is f(-15)?
-42
Let c(l) = 34*l - 1431. Calculate c(44).
65
Let a(t) = t**2 - 8189*t + 32738. What is a(4)?
-2
Let z(c) = -c**3 - 20*c**2 + 5921*c + 107238. Determine z(-18).
12
Let x(n) = 25*n**3 - n**2 + 362*n - 372. Calculate x(1).
14
Let x(u) = -468*u + 46062. Calculate x(99).
-270
Let x(k) = 379*k**2 - 24267*k + 704. What is x(64)?
0
Let p(t) = t**3 - 16*t**2 + 503*t - 7321. Determine p(15).
-1
Let c(j) = 378*j - 124. Determine c(0).
-124
Let b(r) = 7*r**3 + 360*r**2 + 2410*r + 87. Give b(-7).
-1544
Let y(t) = 2*t**3 - 820*t**2 + 4526*t - 192779. Determine y(405).
1
Let x(i) = -6*i - 833. Determine x(-32).
-641
Let w(b) = 86440*b - 864397. Determine w(10).
3
Let x(o) = 3*o**2 - 75*o + 606. Give x(13).
138
Let p(i) = i**2 - 4009*i + 75812. What is p(19)?
2
Let x(f) = -488*f**2 + 3458*f - 13. Give x(7).
281
Let b(f) = 1066713*f - 2133588. Calculate b(2).
-162
Let a(p) = -p**3 - 2*p**2 + 38*p + 80. Determine a(-6).
-4
Let r(v) = 610*v**2 + 558*v + 3. Determine r(-1).
55
Let m(x) = -58*x**2 - 288*x - 1431. Calculate m(-5).
-1441
Let o(j) = -224*j**2 + 51*j - 33. Calculate o(-1).
-308
Let g(v) = 23389*v - 32861544. Calcu